*3 - 4*y - 7. What is u(-6)?
-5
Let x(i) = 1 - 4*i**2 - 8*i - i - 3*i**3 + 7*i. Suppose c + 10 = q, 0 = -3*c - 2*q - 2*q - 2. Let a be (-2)/4 + c/4. Give x(a).
13
Suppose s + m + 3 = -0*m, -5*s + 3*m = -25. Let d(y) = -37*y**2 + 1 - 8*y + 5 + 38*y**s. What is d(4)?
-10
Let r be (2/(-1))/(2/(-44)*-11). Let s(i) = -6*i - 9. Calculate s(r).
15
Let y = 1924 - 1923. Let z(l) = 7*l - 4. What is z(y)?
3
Suppose -101*p + 95*p = -42. Let m(v) = -v**2 + 6*v - 1. Calculate m(p).
-8
Let t = 81 - 75. Let a(u) = u**3 + 5*u**2 - u - 1. Let w(b) = b**3 + 9*b**2 - 2*b - 2. Let c(v) = t*w(v) - 11*a(v). Give c(-1).
4
Let p be -4 - 1 - (-8 - -3). Let i(t) = -t**2 + t - 38. Calculate i(p).
-38
Let v(w) = -w**3 - 8*w**2 - 8*w - 4. Let x(u) = -u**2 + 7*u + 37. Let c be x(11). Determine v(c).
3
Let m(q) = -10*q**2 - 1. Let r(n) = 2*n - 20. Let g = 38 + -25. Let h be r(g). Suppose k = -2, -2*f - 16 = 4*k - h. Calculate m(f).
-11
Let x(s) be the second derivative of -s**6/144 - s**5/24 - 3*s**4/4 + 20*s. Let a(k) be the third derivative of x(k). What is a(-4)?
15
Let c(b) = 5*b**2 - 2*b**2 + 3*b - 9 - 5*b**2 + 3*b**2. Let l be c(-4). Let o = l - -1. Let k(a) = -a**2 - 3*a - 2. Determine k(o).
-6
Let x(s) = s**2 - s - 21. Let f be (-80)/(-16) - ((0 - 1) + 1). What is x(f)?
-1
Let v(a) be the third derivative of a**8/6720 + a**7/1260 + a**5/60 - 13*a**4/24 + 9*a**2. Let s(c) be the second derivative of v(c). Determine s(-3).
-7
Suppose -14*z + 20 = -4*z. Let y(q) = 0 + 1146*q**2 + 2*q - 1147*q**z - 1. What is y(2)?
-1
Suppose z + 6 = 11. Let r(a) = -a + 2. Let c(y) = -y + 2. Let s(h) = -4*c(h) + 3*r(h). Determine s(z).
3
Let z = 71 - 68. Let k(j) = -7*j + 23. Let w(b) = -4*b + 11. Let d(o) = z*k(o) - 5*w(o). Determine d(9).
5
Let t = 19 - 9. Let d = -10 + t. Let p(o) = -o**2 + 16. Calculate p(d).
16
Suppose -137 + 29 = -6*g. Suppose 0 = -22*i + g*i. Let w(f) = f**2 + f - 6. Give w(i).
-6
Let l be 658/(-336)*(-4)/(-2) + 4. Let s(f) be the second derivative of -5/2*f**2 - 1/6*f**3 - l*f**4 + 0 - 6*f. Calculate s(0).
-5
Let u(w) = -w + 5. Let p(i) = -2*i + 12. Let g(c) = 2*p(c) - 5*u(c). Give g(2).
1
Let l(d) = -d - 15*d + 11*d + 17 + 6*d. Give l(-5).
12
Let b(i) = 5*i**2 - i. Suppose -2*g - 2*g - 12 = 0. Suppose -k - 14 = 5*v + k, 0 = 3*v - 2*k + 18. Let q = g - v. Calculate b(q).
4
Let f = 16 - 14. Let n(s) = -2 - 4*s**2 - 2*s + 3*s**2 - s**3 - f*s**2. Suppose 6*l + 8 = -4. What is n(l)?
-2
Suppose j + 48 = 51. Let z(q) = q**3 - 2*q**2 + 3*q - 2. Calculate z(j).
16
Let g(l) = l - 6. Let f(n) = 1. Let j(p) = 6*f(p) + g(p). Let r be j(4). Let b(h) = 4*h - 1 - 2*h + 4*h - 8*h. Determine b(r).
-9
Let n(m) = -m**2 + 1. Let v(w) be the third derivative of -w**5/20 - w**3/3 + w**2. Suppose -1060*h = -1064*h + 4. Let a(s) = h*v(s) + 3*n(s). Determine a(-1).
-5
Let y(i) = -3*i**2 + i + 1. Suppose -44*r = -36*r + 16. Determine y(r).
-13
Let r(f) = 5*f**2 + 33*f + 40. Let k be r(-5). Let n(q) = q**2 - q - 2. Calculate n(k).
-2
Let k be (1 + 3)*(-4 - 0). Let q = -14 - k. Let w(b) = 3*b + 2 - 8*b**q + 7*b**2 + 0. Calculate w(4).
-2
Let i(m) be the first derivative of 0*m**3 + 0*m + 1/2*m**2 + 5 - 11/4*m**4. Let a(s) = -s**2 - 2*s + 2. Let k be a(-3). Determine i(k).
10
Suppose -4*y = 3*g - 16, 4*y - 2*g - 3 = 13. Let z(f) = 174 + 4*f - y*f - 181 - f. Determine z(0).
-7
Suppose 4*d - 7 = 5. Let q(o) be the first derivative of o**3/3 - 5*o**2/2 + 2*o - 568. What is q(d)?
-4
Let p(d) = d**3 + 2*d**2 - 11*d - 10. Let h = 293 + -297. Calculate p(h).
2
Let y(b) be the first derivative of -5*b**2/2 - 32*b + 241. Determine y(-6).
-2
Let y be (3/3 + 1)*22. Let d = 42 - y. Let v(x) = -x**3 - 4*x**2 - 2*x - 3. Give v(d).
-7
Let l = -270 + 5401/20. Let d(w) be the second derivative of -l*w**5 + 0*w**4 - 3*w + 0 + 0*w**3 + 0*w**2. What is d(-2)?
8
Let q(i) be the second derivative of -3*i**4/4 + i**2/2 - i + 38. Give q(-1).
-8
Let m(z) = 5 - z**3 - 212*z + 15*z**2 + 5 + 111*z + 116*z. Determine m(16).
-6
Let q(z) = z**2 + 3*z + 5. Let p(d) = -8*d + 110. Let r be p(14). What is q(r)?
3
Let y be ((-55)/25 - -2) + (-60)/(-50). Let q(g) = 3*g**2 + 4*g - 5. Determine q(y).
2
Let t(q) = 7*q**3 - q**2 + q. Let k be t(1). Let m = k + -2. Let l(s) = -1 + m*s**2 - 1 + 5 - 4*s**2 - 4*s. Give l(4).
3
Suppose -83 + 71 = -6*i. Let h(b) be the third derivative of -1/6*b**3 + 5*b**i + 1/60*b**5 - 1/24*b**4 + 0 + 0*b. Give h(2).
1
Let j(k) be the second derivative of 30*k - 1/20*k**5 + 1/4*k**4 - 1/6*k**3 + 0 + 1/2*k**2. Calculate j(2).
3
Let w(n) = -n + n + n + 3. Suppose 5*x + 3 - 2 = -4*u, 45 = 5*u - 3*x. Let t(v) = v**3 - 6*v**2 - v + 1. Let k be t(u). Determine w(k).
-2
Let m(a) = -a**2 - a. Suppose 7 = q + 5. Suppose -10 = 4*l + q. Calculate m(l).
-6
Let m(l) = 3*l + 1. Let v(x) = x. Let g(w) = -m(w) - 6*v(w). Let a be ((-2)/5)/(2/5). Give g(a).
8
Suppose 3*r + 357 = 3*l, 0 = -2*l - 2 - 4. Let s = r - -126. Let d(q) = q**3 - 3*q**2 - 2. Give d(s).
14
Suppose -34*t = -35*t. Let u(l) = -l**3 + l**2 - l - 3. Let k be u(t). Let m(v) = -7*v - 4. Let z(i) = 6*i + 4. Let r(n) = -2*m(n) - 3*z(n). Calculate r(k).
8
Suppose 4*q + 6 = -2*u, 3 - 19 = 6*q - 4*u. Let x(m) = 3*m + 1 - 3*m**2 + 0*m**2 - m. Calculate x(q).
-15
Let x(d) = -3*d**3 - 4*d**2 - 3*d + 7. Let f(y) = -5*y**3 - 3*y**2 - 3*y + 4. Let o(z) = -2*f(z) + 3*x(z). What is o(6)?
-5
Let g = 16 - 12. Let x be -1*(-2)/(g/(-2)). Let m(h) = 5*h - 3. Let n(k) = -6*k + 4. Let p(t) = 5*m(t) + 4*n(t). Calculate p(x).
0
Let o(f) = -f**3 + 3*f**2 - 2*f + 3. Let a = -11 - -13. Suppose 16 - a = 7*b. Calculate o(b).
3
Let m be 1*-1*(2 + -2). Let c(d) = -14*d**3 + 3*d**2 - 8*d - 18. Let p(l) = -5*l**3 + l**2 - 3*l - 6. Let i = 22 - 18. Let v(n) = i*c(n) - 11*p(n). Give v(m).
-6
Let p be (3/2)/(3/4). Let n(f) = -1. Let x(b) = b**2 - 5*b + 4. Let h(g) = p*n(g) - x(g). What is h(5)?
-6
Let d = -147 + 92. Let j be 4/22 + 285/d. Let h(i) = i**2 + 6*i + 5. Give h(j).
0
Let i(r) = r**3 + 5*r**2 - 10*r + 2. Let f be 195/(-35) - 3/7. Let h(n) = -3*n**3 - 15*n**2 + 29*n - 7. Let g(s) = f*h(s) - 17*i(s). Calculate g(-6).
-4
Let c(r) = -r**2 - 13*r - 13. Let z = -75 + 123. Suppose 3*f - 12 + z = 0. Determine c(f).
-1
Let z(m) = m**3 - 5*m**2 + m - 2. Let q(w) = -w**2 + 10*w + 7. Let a be q(12). Let y = a - -21. Determine z(y).
-14
Suppose -5*h - 27 = -2*h. Let x = h - -15. Let f(w) be the third derivative of w**6/120 - w**5/12 - 7*w**4/24 + w**3/6 - 5*w**2. Determine f(x).
-5
Let l be (-3 - 39/(-12))*8. Let c be ((-8)/(-12))/(l/9). Suppose -4*p + 6 = c*q - 6, -q + 15 = 5*p. Let k(u) = u + 5. What is k(q)?
5
Let d(b) = b**2 - 4*b + 4. Let l be 3 - 5 - (21 + -27). What is d(l)?
4
Let a(y) be the second derivative of -y**3/6 + 2*y**2 - 132*y - 1. Let j(n) = 2*n + 7. Let w be j(-6). Determine a(w).
9
Let l(s) = -3*s + 5. Let h(r) = -4*r + 9. Let o(g) = 4*h(g) - 7*l(g). Suppose 3*n = 2*n - 1. Give o(n).
-4
Let a(j) be the second derivative of -j**3/6 - 5*j**2 - 14*j + 1. Let h(k) = -k**3 + k**2 + k - 9. Let p be h(0). Give a(p).
-1
Let i(m) be the second derivative of -m**5/20 - 7*m**4/12 + 4*m**2 + 4*m. Suppose -14*u + 17*u = 2*o + 23, -3*o - 36 = -5*u. Calculate i(o).
8
Let l(d) = -2*d - 3 - 14 + 2 + 5 - 8. Calculate l(-14).
10
Let b(t) = -3*t - 4. Let d(k) = -14*k - 1. Let n(o) = 5*o. Let y(h) = -3*d(h) - 8*n(h). Let f(i) = -5*b(i) - 8*y(i). Determine f(7).
-11
Suppose 0 = 2*c - v, 4*c = 2*c - v + 4. Let k be 2*((-10)/(-4) - 1). Let z(r) = 104*r**k + 1 - r**2 - 95*r**3 - r**2. What is z(c)?
8
Let y(v) = 6*v**2 + v - v**2 + v**3 + 7 + v**2. Give y(-6).
1
Let i(b) = 4*b + 100. Let q be i(-26). Let l(p) = -4*p - 1. Determine l(q).
15
Let h be (-2 - (-21)/9)*-138. Let c = 47 + h. Let w(x) = -9*x**3 - x**2 + x - 1. What is w(c)?
-10
Let v(t) = t**3 - 7*t**2 + t + 3. Let c = -182 - -301. Suppose 23*n - c = 6*n. Determine v(n).
10
Let l(m) be the second derivative of -m**4/12 + 4*m**3/3 - 9*m**2/2 - 11*m - 1. Determine l(7).
-2
Let l(j) be the first derivative of 0*j**2 - 2/3*j**3 - 1 + 9/4*j**4 + j. Suppose -c = c - 2. Determine l(c).
8
Let s(p) = 1 - 5*p + 0*p + 6*p + 1. Suppose -6*q = -q. Let a be q - (0 + (-8 - -3)). Determine s(a).
7
Let v(b) be the first derivative of -3*b**2/2 + 3*b + 249. Determine v(-4).
15
Suppose 4*s = 16, -5*a = 4*s - 16 - 45. Let o(b) = -b**3 + 10*b**2 - 11*b